{"id":1338,"date":"2025-09-10T13:33:26","date_gmt":"2025-09-10T11:33:26","guid":{"rendered":"https:\/\/panoramic-art.de\/?page_id=1338"},"modified":"2025-09-10T13:33:27","modified_gmt":"2025-09-10T11:33:27","slug":"datenschutz","status":"publish","type":"page","link":"https:\/\/panoramic-art.de\/pt\/datenschutz\/","title":{"rendered":"Prote\u00e7\u00e3o de dados"},"content":{"rendered":"<p class=\"wp-block-paragraph\"><strong>Prote\u00e7\u00e3o de dados<br><\/strong>Os operadores destes sites levam a prote\u00e7\u00e3o dos seus dados pessoais muito a s\u00e9rio. Tratamos os seus dados pessoais de forma confidencial e em conformidade com os regulamentos legais de prote\u00e7\u00e3o de dados e com esta pol\u00edtica de privacidade.<\/p>\n\n\n\n<p class=\"wp-block-paragraph\">Em geral, voc\u00ea pode usar nosso site sem fornecer nenhum dado pessoal. Se dados pessoais (como nome, endere\u00e7o ou endere\u00e7os de e-mail) forem coletados em nosso site, isso ser\u00e1 sempre feito de forma volunt\u00e1ria, sempre que poss\u00edvel. Esses dados n\u00e3o ser\u00e3o compartilhados com terceiros sem o seu consentimento expresso.<\/p>\n\n\n\n<p class=\"wp-block-paragraph\">Gostar\u00edamos de ressaltar que a transmiss\u00e3o de dados pela internet (por exemplo, na comunica\u00e7\u00e3o por e-mail) pode estar sujeita a falhas de seguran\u00e7a. A prote\u00e7\u00e3o completa dos dados contra o acesso de terceiros n\u00e3o \u00e9 poss\u00edvel.<\/p>\n\n\n\n<p class=\"wp-block-paragraph\"><strong>Biscoitos<br><\/strong>Alguns dos nossos sites utilizam os chamados cookies. Os cookies n\u00e3o danificam o seu computador e n\u00e3o cont\u00eam v\u00edrus. Os cookies s\u00e3o usados para tornar o nosso site mais intuitivo, eficaz e seguro. Cookies s\u00e3o pequenos arquivos de texto que s\u00e3o armazenados no seu computador e salvos pelo seu navegador.<\/p>\n\n\n\n<p class=\"wp-block-paragraph\">A maioria dos cookies que utilizamos s\u00e3o os chamados &quot;cookies de sess\u00e3o&quot;. Eles s\u00e3o exclu\u00eddos automaticamente ap\u00f3s a sua visita. Outros cookies permanecem armazenados no seu dispositivo at\u00e9 que voc\u00ea os exclua. Esses cookies nos permitem reconhecer seu navegador na pr\u00f3xima vez que voc\u00ea nos visitar.<\/p>\n\n\n\n<p class=\"wp-block-paragraph\">Voc\u00ea pode configurar seu navegador para inform\u00e1-lo sobre o uso de cookies, para aceitar cookies apenas caso a caso, para excluir cookies em casos espec\u00edficos ou de forma geral e para excluir cookies automaticamente ao fechar o navegador. Desativar os cookies pode limitar a funcionalidade deste site.<\/p>\n\n\n\n<p class=\"wp-block-paragraph\"><strong>Arquivos de log do servidor<br><\/strong>O provedor do site coleta e armazena automaticamente informa\u00e7\u00f5es nos chamados arquivos de log do servidor, que seu navegador nos transmite automaticamente. Isso inclui:<\/p>\n\n\n\n<ul class=\"wp-block-list\">\n<li>Tipo e vers\u00e3o do navegador<\/li>\n\n\n\n<li>sistema operacional usado<\/li>\n\n\n\n<li>URL de refer\u00eancia<\/li>\n\n\n\n<li>Nome do host do computador de acesso<\/li>\n\n\n\n<li>Hora da solicita\u00e7\u00e3o do servidor<\/li>\n<\/ul>\n\n\n\n<p class=\"wp-block-paragraph\">Estes dados n\u00e3o podem ser atribu\u00eddos a indiv\u00edduos espec\u00edficos. Estes dados n\u00e3o ser\u00e3o combinados com outras fontes de dados. Reservamo-nos o direito de revis\u00e1-los posteriormente caso tomemos conhecimento de evid\u00eancias concretas de uso ilegal.<\/p>\n\n\n\n<p class=\"wp-block-paragraph\"><strong>Formul\u00e1rio de contato<br><\/strong>Se voc\u00ea nos enviar perguntas por meio do formul\u00e1rio de contato, suas informa\u00e7\u00f5es contidas no formul\u00e1rio, incluindo os dados de contato fornecidos, ser\u00e3o armazenadas por n\u00f3s para fins de processamento da sua pergunta e para o caso de perguntas complementares. N\u00e3o compartilharemos esses dados sem o seu consentimento.<\/p>\n\n\n\n<p class=\"wp-block-paragraph\"><strong>Dados do boletim informativo<br><\/strong>Caso deseje receber a newsletter oferecida no site, precisamos de um endere\u00e7o de e-mail, bem como de informa\u00e7\u00f5es que nos permitam verificar se voc\u00ea \u00e9 o propriet\u00e1rio do endere\u00e7o de e-mail especificado e se concorda em receber a newsletter. Nenhum outro dado \u00e9 coletado. Utilizamos esses dados exclusivamente para enviar as informa\u00e7\u00f5es solicitadas e n\u00e3o os compartilhamos com terceiros.<\/p>\n\n\n\n<p class=\"wp-block-paragraph\">Voc\u00ea pode revogar seu consentimento para o armazenamento de seus dados, seu endere\u00e7o de e-mail e seu uso para o envio do boletim informativo a qualquer momento, por exemplo, por meio do link \u201ccancelar inscri\u00e7\u00e3o\u201d no boletim informativo.<\/p>\n\n\n\n<p class=\"wp-block-paragraph\"><strong>Fontes da Web do Google<br><\/strong>Este site utiliza as chamadas fontes da web fornecidas pelo Google para uma exibi\u00e7\u00e3o consistente. Quando voc\u00ea visita uma p\u00e1gina, seu navegador carrega as fontes da web necess\u00e1rias no cache para exibir o texto e as fontes corretamente. Se o seu navegador n\u00e3o suportar fontes da web, ser\u00e1 usada uma fonte padr\u00e3o do seu computador.<\/p>\n\n\n\n<p class=\"wp-block-paragraph\">Para obter mais informa\u00e7\u00f5es sobre o Google Web Fonts, consulte&nbsp;<a href=\"https:\/\/web.archive.org\/web\/20250114053832\/https:\/\/developers.google.com\/fonts\/faq\">https:\/\/developers.google.com\/fonts\/faq<\/a>&nbsp;e na pol\u00edtica de privacidade do Google:&nbsp;<a href=\"https:\/\/web.archive.org\/web\/20250114053832\/https:\/\/www.google.com\/policies\/privacy\/\">https:\/\/www.google.com\/policies\/privacy\/<\/a><\/p>\n\n\n\n<p class=\"wp-block-paragraph\"><strong>Fun\u00e7\u00e3o de coment\u00e1rios neste site<br><\/strong>Para a fun\u00e7\u00e3o de coment\u00e1rios nesta p\u00e1gina, al\u00e9m do seu coment\u00e1rio, informa\u00e7\u00f5es sobre a hora em que o coment\u00e1rio foi criado, seu endere\u00e7o de e-mail e, se voc\u00ea n\u00e3o postar anonimamente, o nome de usu\u00e1rio que voc\u00ea escolheu ser\u00e3o salvos.<\/p>\n\n\n\n<p class=\"wp-block-paragraph\"><strong>Processamento de dados (dados de clientes e contratos)<br><\/strong>Coletamos, processamos e utilizamos dados pessoais apenas na medida necess\u00e1ria para estabelecer, definir ou modificar a rela\u00e7\u00e3o jur\u00eddica (dados mestres). Coletamos, processamos e utilizamos dados pessoais sobre o uso do nosso site (dados de uso) apenas na medida necess\u00e1ria para habilitar ou cobrar o usu\u00e1rio pelo uso do servi\u00e7o.<\/p>\n\n\n\n<p class=\"wp-block-paragraph\"><strong>Direito \u00e0 informa\u00e7\u00e3o, elimina\u00e7\u00e3o, bloqueio<br><\/strong>Voc\u00ea tem o direito de obter, a qualquer momento, informa\u00e7\u00f5es gratuitas sobre os seus dados pessoais armazenados, sua origem e destinat\u00e1rio, bem como a finalidade do processamento de dados, bem como o direito de corrigir, bloquear ou excluir esses dados. Voc\u00ea pode entrar em contato conosco a qualquer momento no endere\u00e7o fornecido no aviso legal para esse fim e para outras quest\u00f5es relacionadas a dados pessoais.<\/p>\n\n\n\n<p class=\"wp-block-paragraph\"><strong>Obje\u00e7\u00e3o a e-mails publicit\u00e1rios<br><\/strong>\u00c9 proibida a utiliza\u00e7\u00e3o de dados de contato publicados em conformidade com a obriga\u00e7\u00e3o de impress\u00e3o para o envio de publicidade e materiais informativos n\u00e3o solicitados. Os operadores do site reservam-se expressamente o direito de tomar medidas legais em caso de envio de informa\u00e7\u00f5es publicit\u00e1rias n\u00e3o solicitadas, por exemplo, por meio de e-mails de spam.<\/p>","protected":false},"excerpt":{"rendered":"<p>Prote\u00e7\u00e3o de dados: Os operadores destes sites levam a prote\u00e7\u00e3o dos seus dados pessoais muito a s\u00e9rio. Tratamos os seus dados pessoais de forma confidencial e em conformidade com as normas legais de prote\u00e7\u00e3o de dados, e isto\u2026<\/p>","protected":false},"author":1,"featured_media":0,"parent":0,"menu_order":0,"comment_status":"closed","ping_status":"closed","template":"","meta":{"_customify_content_layout":"","_customify_sidebar":"","_customify_page_header_display":"default","_customify_disable_header":"","_customify_disable_header_top":"","_customify_disable_header_main":"","_customify_disable_header_bottom":"","_customify_disable_page_title":"","_customify_disable_content_vertical_padding":"","_customify_disable_footer_top":"","_customify_disable_footer_main":"","_customify_disable_footer_bottom":"","_customify_breadcrumb_display":"default","_customify_header_transparent_display":"default","footnotes":""},"class_list":["post-1338","page","type-page","status-publish","hentry"],"yoast_head":"<!-- This site is optimized with the Yoast SEO plugin v28.3 - https:\/\/yoast.com\/product\/yoast-seo-wordpress\/ -->\n<title>Datenschutz - Markus Bollen Photography!<\/title>\n<meta name=\"robots\" content=\"index, follow, max-snippet:-1, max-image-preview:large, max-video-preview:-1\" \/>\n<link rel=\"canonical\" href=\"https:\/\/panoramic-art.de\/pt\/datenschutz\/\" \/>\n<meta property=\"og:locale\" content=\"pt_PT\" \/>\n<meta property=\"og:type\" content=\"article\" \/>\n<meta property=\"og:title\" content=\"Datenschutz - Markus Bollen Photography!\" \/>\n<meta property=\"og:description\" content=\"DatenschutzDie Betreiber dieser Seiten nehmen den Schutz Ihrer pers\u00f6nlichen Daten sehr ernst. Wir behandeln Ihre personenbezogenen Daten vertraulich und entsprechend der gesetzlichen Datenschutzvorschriften sowie dieser&hellip;\" \/>\n<meta property=\"og:url\" content=\"https:\/\/panoramic-art.de\/pt\/datenschutz\/\" \/>\n<meta property=\"og:site_name\" content=\"Markus Bollen Photography!\" \/>\n<meta property=\"article:modified_time\" content=\"2025-09-10T11:33:27+00:00\" \/>\n<meta name=\"twitter:card\" content=\"summary_large_image\" \/>\n<meta name=\"twitter:label1\" content=\"Tempo estimado de leitura\" \/>\n\t<meta name=\"twitter:data1\" content=\"5 minutos\" \/>\n<script type=\"application\/ld+json\" class=\"yoast-schema-graph\">{\"@context\":\"https:\\\/\\\/schema.org\",\"@graph\":[{\"@type\":\"WebPage\",\"@id\":\"https:\\\/\\\/panoramic-art.de\\\/datenschutz\\\/\",\"url\":\"https:\\\/\\\/panoramic-art.de\\\/datenschutz\\\/\",\"name\":\"Datenschutz - Markus Bollen Photography!\",\"isPartOf\":{\"@id\":\"https:\\\/\\\/panoramic-art.de\\\/#website\"},\"datePublished\":\"2025-09-10T11:33:26+00:00\",\"dateModified\":\"2025-09-10T11:33:27+00:00\",\"inLanguage\":\"pt-PT\",\"potentialAction\":[{\"@type\":\"ReadAction\",\"target\":[\"https:\\\/\\\/panoramic-art.de\\\/datenschutz\\\/\"]}]},{\"@type\":\"WebSite\",\"@id\":\"https:\\\/\\\/panoramic-art.de\\\/#website\",\"url\":\"https:\\\/\\\/panoramic-art.de\\\/\",\"name\":\"Markus Bollen Photography!\",\"description\":\"\",\"potentialAction\":[{\"@type\":\"SearchAction\",\"target\":{\"@type\":\"EntryPoint\",\"urlTemplate\":\"https:\\\/\\\/panoramic-art.de\\\/?s={search_term_string}\"},\"query-input\":{\"@type\":\"PropertyValueSpecification\",\"valueRequired\":true,\"valueName\":\"search_term_string\"}}],\"inLanguage\":\"pt-PT\"}]}<\/script>\n<!-- \/ Yoast SEO plugin. -->","yoast_head_json":{"title":"Datenschutz - Markus Bollen Photography!","robots":{"index":"index","follow":"follow","max-snippet":"max-snippet:-1","max-image-preview":"max-image-preview:large","max-video-preview":"max-video-preview:-1"},"canonical":"https:\/\/panoramic-art.de\/pt\/datenschutz\/","og_locale":"pt_PT","og_type":"article","og_title":"Datenschutz - Markus Bollen Photography!","og_description":"DatenschutzDie Betreiber dieser Seiten nehmen den Schutz Ihrer pers\u00f6nlichen Daten sehr ernst. Wir behandeln Ihre personenbezogenen Daten vertraulich und entsprechend der gesetzlichen Datenschutzvorschriften sowie dieser&hellip;","og_url":"https:\/\/panoramic-art.de\/pt\/datenschutz\/","og_site_name":"Markus Bollen Photography!","article_modified_time":"2025-09-10T11:33:27+00:00","twitter_card":"summary_large_image","twitter_misc":{"Tempo estimado de leitura":"5 minutos"},"schema":{"@context":"https:\/\/schema.org","@graph":[{"@type":"WebPage","@id":"https:\/\/panoramic-art.de\/datenschutz\/","url":"https:\/\/panoramic-art.de\/datenschutz\/","name":"Datenschutz - Markus Bollen Photography!","isPartOf":{"@id":"https:\/\/panoramic-art.de\/#website"},"datePublished":"2025-09-10T11:33:26+00:00","dateModified":"2025-09-10T11:33:27+00:00","inLanguage":"pt-PT","potentialAction":[{"@type":"ReadAction","target":["https:\/\/panoramic-art.de\/datenschutz\/"]}]},{"@type":"WebSite","@id":"https:\/\/panoramic-art.de\/#website","url":"https:\/\/panoramic-art.de\/","name":"Fotografia de Markus Bollen!","description":"","potentialAction":[{"@type":"SearchAction","target":{"@type":"EntryPoint","urlTemplate":"https:\/\/panoramic-art.de\/?s={search_term_string}"},"query-input":{"@type":"PropertyValueSpecification","valueRequired":true,"valueName":"search_term_string"}}],"inLanguage":"pt-PT"}]}},"_links":{"self":[{"href":"https:\/\/panoramic-art.de\/pt\/wp-json\/wp\/v2\/pages\/1338","targetHints":{"allow":["GET"]}}],"collection":[{"href":"https:\/\/panoramic-art.de\/pt\/wp-json\/wp\/v2\/pages"}],"about":[{"href":"https:\/\/panoramic-art.de\/pt\/wp-json\/wp\/v2\/types\/page"}],"author":[{"embeddable":true,"href":"https:\/\/panoramic-art.de\/pt\/wp-json\/wp\/v2\/users\/1"}],"replies":[{"embeddable":true,"href":"https:\/\/panoramic-art.de\/pt\/wp-json\/wp\/v2\/comments?post=1338"}],"version-history":[{"count":1,"href":"https:\/\/panoramic-art.de\/pt\/wp-json\/wp\/v2\/pages\/1338\/revisions"}],"predecessor-version":[{"id":1339,"href":"https:\/\/panoramic-art.de\/pt\/wp-json\/wp\/v2\/pages\/1338\/revisions\/1339"}],"wp:attachment":[{"href":"https:\/\/panoramic-art.de\/pt\/wp-json\/wp\/v2\/media?parent=1338"}],"curies":[{"name":"wp","href":"https:\/\/api.w.org\/{rel}","templated":true}]}}

Proteção de dados

<p class="wp-block-paragraph"><strong>Proteção de dados<br></strong>Os operadores destes sites levam a proteção dos seus dados pessoais muito a sério. Tratamos os seus dados pessoais de forma confidencial e em conformidade com os regulamentos legais de proteção de dados e com esta política de privacidade.</p>



<p class="wp-block-paragraph">Em geral, você pode usar nosso site sem fornecer nenhum dado pessoal. Se dados pessoais (como nome, endereço ou endereços de e-mail) forem coletados em nosso site, isso será sempre feito de forma voluntária, sempre que possível. Esses dados não serão compartilhados com terceiros sem o seu consentimento expresso.</p>



<p class="wp-block-paragraph">Gostaríamos de ressaltar que a transmissão de dados pela internet (por exemplo, na comunicação por e-mail) pode estar sujeita a falhas de segurança. A proteção completa dos dados contra o acesso de terceiros não é possível.</p>



<p class="wp-block-paragraph"><strong>Biscoitos<br></strong>Alguns dos nossos sites utilizam os chamados cookies. Os cookies não danificam o seu computador e não contêm vírus. Os cookies são usados para tornar o nosso site mais intuitivo, eficaz e seguro. Cookies são pequenos arquivos de texto que são armazenados no seu computador e salvos pelo seu navegador.</p>



<p class="wp-block-paragraph">A maioria dos cookies que utilizamos são os chamados &quot;cookies de sessão&quot;. Eles são excluídos automaticamente após a sua visita. Outros cookies permanecem armazenados no seu dispositivo até que você os exclua. Esses cookies nos permitem reconhecer seu navegador na próxima vez que você nos visitar.</p>



<p class="wp-block-paragraph">Você pode configurar seu navegador para informá-lo sobre o uso de cookies, para aceitar cookies apenas caso a caso, para excluir cookies em casos específicos ou de forma geral e para excluir cookies automaticamente ao fechar o navegador. Desativar os cookies pode limitar a funcionalidade deste site.</p>



<p class="wp-block-paragraph"><strong>Arquivos de log do servidor<br></strong>O provedor do site coleta e armazena automaticamente informações nos chamados arquivos de log do servidor, que seu navegador nos transmite automaticamente. Isso inclui:</p>



<ul class="wp-block-list">
<li>Tipo e versão do navegador</li>



<li>sistema operacional usado</li>



<li>URL de referência</li>



<li>Nome do host do computador de acesso</li>



<li>Hora da solicitação do servidor</li>
</ul>



<p class="wp-block-paragraph">Estes dados não podem ser atribuídos a indivíduos específicos. Estes dados não serão combinados com outras fontes de dados. Reservamo-nos o direito de revisá-los posteriormente caso tomemos conhecimento de evidências concretas de uso ilegal.</p>



<p class="wp-block-paragraph"><strong>Formulário de contato<br></strong>Se você nos enviar perguntas por meio do formulário de contato, suas informações contidas no formulário, incluindo os dados de contato fornecidos, serão armazenadas por nós para fins de processamento da sua pergunta e para o caso de perguntas complementares. Não compartilharemos esses dados sem o seu consentimento.</p>



<p class="wp-block-paragraph"><strong>Dados do boletim informativo<br></strong>Caso deseje receber a newsletter oferecida no site, precisamos de um endereço de e-mail, bem como de informações que nos permitam verificar se você é o proprietário do endereço de e-mail especificado e se concorda em receber a newsletter. Nenhum outro dado é coletado. Utilizamos esses dados exclusivamente para enviar as informações solicitadas e não os compartilhamos com terceiros.</p>



<p class="wp-block-paragraph">Você pode revogar seu consentimento para o armazenamento de seus dados, seu endereço de e-mail e seu uso para o envio do boletim informativo a qualquer momento, por exemplo, por meio do link “cancelar inscrição” no boletim informativo.</p>



<p class="wp-block-paragraph"><strong>Fontes da Web do Google<br></strong>Este site utiliza as chamadas fontes da web fornecidas pelo Google para uma exibição consistente. Quando você visita uma página, seu navegador carrega as fontes da web necessárias no cache para exibir o texto e as fontes corretamente. Se o seu navegador não suportar fontes da web, será usada uma fonte padrão do seu computador.</p>



<p class="wp-block-paragraph">Para obter mais informações sobre o Google Web Fonts, consulte&nbsp;<a href="https://web.archive.org/web/20250114053832/https://developers.google.com/fonts/faq">https://developers.google.com/fonts/faq</a>&nbsp;e na política de privacidade do Google:&nbsp;<a href="https://web.archive.org/web/20250114053832/https://www.google.com/policies/privacy/">https://www.google.com/policies/privacy/</a></p>



<p class="wp-block-paragraph"><strong>Função de comentários neste site<br></strong>Para a função de comentários nesta página, além do seu comentário, informações sobre a hora em que o comentário foi criado, seu endereço de e-mail e, se você não postar anonimamente, o nome de usuário que você escolheu serão salvos.</p>



<p class="wp-block-paragraph"><strong>Processamento de dados (dados de clientes e contratos)<br></strong>Coletamos, processamos e utilizamos dados pessoais apenas na medida necessária para estabelecer, definir ou modificar a relação jurídica (dados mestres). Coletamos, processamos e utilizamos dados pessoais sobre o uso do nosso site (dados de uso) apenas na medida necessária para habilitar ou cobrar o usuário pelo uso do serviço.</p>



<p class="wp-block-paragraph"><strong>Direito à informação, eliminação, bloqueio<br></strong>Você tem o direito de obter, a qualquer momento, informações gratuitas sobre os seus dados pessoais armazenados, sua origem e destinatário, bem como a finalidade do processamento de dados, bem como o direito de corrigir, bloquear ou excluir esses dados. Você pode entrar em contato conosco a qualquer momento no endereço fornecido no aviso legal para esse fim e para outras questões relacionadas a dados pessoais.</p>



<p class="wp-block-paragraph"><strong>Objeção a e-mails publicitários<br></strong>É proibida a utilização de dados de contato publicados em conformidade com a obrigação de impressão para o envio de publicidade e materiais informativos não solicitados. Os operadores do site reservam-se expressamente o direito de tomar medidas legais em caso de envio de informações publicitárias não solicitadas, por exemplo, por meio de e-mails de spam.</p>

<p>Proteção de dados: Os operadores destes sites levam a proteção dos seus dados pessoais muito a sério. Tratamos os seus dados pessoais de forma confidencial e em conformidade com as normas legais de proteção de dados, e isto…</p>

<!-- This site is optimized with the Yoast SEO plugin v28.3 - https://yoast.com/product/yoast-seo-wordpress/ -->
<title>Datenschutz - Markus Bollen Photography!</title>
<meta name="robots" content="index, follow, max-snippet:-1, max-image-preview:large, max-video-preview:-1" />
<link rel="canonical" href="https://panoramic-art.de/pt/datenschutz/" />
<meta property="og:locale" content="pt_PT" />
<meta property="og:type" content="article" />
<meta property="og:title" content="Datenschutz - Markus Bollen Photography!" />
<meta property="og:description" content="DatenschutzDie Betreiber dieser Seiten nehmen den Schutz Ihrer persönlichen Daten sehr ernst. Wir behandeln Ihre personenbezogenen Daten vertraulich und entsprechend der gesetzlichen Datenschutzvorschriften sowie dieser&hellip;" />
<meta property="og:url" content="https://panoramic-art.de/pt/datenschutz/" />
<meta property="og:site_name" content="Markus Bollen Photography!" />
<meta property="article:modified_time" content="2025-09-10T11:33:27+00:00" />
<meta name="twitter:card" content="summary_large_image" />
<meta name="twitter:label1" content="Tempo estimado de leitura" />
	<meta name="twitter:data1" content="5 minutos" />
<script type="application/ld+json" class="yoast-schema-graph">{"@context":"https:\/\/schema.org","@graph":[{"@type":"WebPage","@id":"https:\/\/panoramic-art.de\/datenschutz\/","url":"https:\/\/panoramic-art.de\/datenschutz\/","name":"Datenschutz - Markus Bollen Photography!","isPartOf":{"@id":"https:\/\/panoramic-art.de\/#website"},"datePublished":"2025-09-10T11:33:26+00:00","dateModified":"2025-09-10T11:33:27+00:00","inLanguage":"pt-PT","potentialAction":[{"@type":"ReadAction","target":["https:\/\/panoramic-art.de\/datenschutz\/"]}]},{"@type":"WebSite","@id":"https:\/\/panoramic-art.de\/#website","url":"https:\/\/panoramic-art.de\/","name":"Markus Bollen Photography!","description":"","potentialAction":[{"@type":"SearchAction","target":{"@type":"EntryPoint","urlTemplate":"https:\/\/panoramic-art.de\/?s={search_term_string}"},"query-input":{"@type":"PropertyValueSpecification","valueRequired":true,"valueName":"search_term_string"}}],"inLanguage":"pt-PT"}]}</script>
<!-- / Yoast SEO plugin. -->

DatenschutzDie Betreiber dieser Seiten nehmen den Schutz Ihrer persönlichen Daten sehr ernst. Wir behandeln Ihre personenbezogenen Daten vertraulich und entsprechend der gesetzlichen Datenschutzvorschriften sowie dieser&hellip;
